{"id":47,"date":"2015-05-28T10:42:43","date_gmt":"2015-05-28T09:42:43","guid":{"rendered":"http:\/\/www.istnet.cz\/?page_id=47"},"modified":"2025-03-05T12:59:02","modified_gmt":"2025-03-05T11:59:02","slug":"helios-orange","status":"publish","type":"page","link":"http:\/\/www.istnet.cz\/?page_id=47","title":{"rendered":"Helios iNuvio"},"content":{"rendered":"<ul>\n<li>sv\u00fdm charakterem syst\u00e9m nejl\u00e9pe vyhovuje pot\u0159eb\u00e1m \u0159\u00edzen\u00ed men\u0161\u00edch a st\u0159edn\u011b velk\u00fdch organizac\u00ed,<\/li>\n<li>vych\u00e1z\u00ed ze dvou siln\u00fdch stavebn\u00edch kamen\u016f:\n<ul>\n<li>zku\u0161enost\u00ed spole\u010dnosti Asseco Solutions, a.s. s v\u00fdvojem a komplexn\u00ed podporou ekonomick\u00fdch syst\u00e9m\u016f,<\/li>\n<li>v\u00fdsledk\u016f sv\u011btov\u00e9ho giganta Microsoft, na jeho\u017e datab\u00e1zov\u00e9 platform\u011b MS SQL Server je nov\u00fd Helios iNuvio postaven,<\/li>\n<\/ul>\n<\/li>\n<li>nab\u00edz\u00ed modern\u00ed grafick\u00e9 prost\u0159ed\u00ed, bezpe\u010dnost, stabilitu a rychl\u00fd p\u0159\u00edstup k po\u017eadovan\u00fdm dat\u016fm,<\/li>\n<li>vynik\u00e1 vysokou m\u00edrou \u0161k\u00e1lovatelnosti a flexibiln\u00edm analytick\u00fdm rozsahem, kter\u00fd optim\u00e1ln\u011b reflektuje pot\u0159eby u\u017eivatel\u016f,<\/li>\n<li>pat\u0159\u00ed k n\u011bmu standardn\u011b \u0161irok\u00e1 paleta slu\u017eeb &#8211; po\u010d\u00ednaje prvn\u00edm kontaktem s potencion\u00e1ln\u00edm z\u00e1jemcem p\u0159es za\u0161kolen\u00ed obsluhy a\u017e po rozs\u00e1hl\u00fd poprodejn\u00ed servis,<\/li>\n<li>k z\u00e1kladn\u00edm modul\u016fm jsou nab\u00edzeny dal\u0161\u00ed, kter\u00e9 spole\u010dnost Asseco Solutions, a.s. p\u0159ipravuje spole\u010dn\u011b se sv\u00fdmi autorizovan\u00fdmi v\u00fdvojov\u00fdmi partnery &#8211; mezi jin\u00fdmi jde nap\u0159\u00edklad o agendu V\u00fdroba, roz\u0161\u00ed\u0159enou agendu Doprava, mana\u017eerskou nadstavbu MIS \u010di internetov\u00fd obchod. Cel\u00fd modul\u00e1rn\u00ed syst\u00e9m pracuje v re\u00e1ln\u00e9m \u010dase, v\u0161ichni \u00fa\u010dastn\u00edci jsou p\u0159ipojeni on-line.<\/li>\n<li>syst\u00e9m vych\u00e1z\u00ed v ka\u017ed\u00e9m okam\u017eiku z platn\u00e9ho stavu legislativy. Ka\u017ed\u00e1 zm\u011bna, je\u017e se do veden\u00ed firemn\u00ed agendy prom\u00edtne, je pohotov\u011b zpracov\u00e1na. Aktualizace syst\u00e9mu je mo\u017en\u00e1 v\u00edce zp\u016fsoby &#8211; podle p\u0159\u00e1n\u00ed z\u00e1kazn\u00edka. V\u0161echny moduly maj\u00ed vytvo\u0159en soubor p\u0159\u00edstupov\u00fdch pr\u00e1v, jimi\u017e lze eliminovat \u00fanik ne\u017e\u00e1douc\u00edch informac\u00ed mimo okruh odborn\u00fdch pracovn\u00edk\u016f a z\u00e1rove\u0148 vylou\u010dit nebezpe\u010d\u00ed neodborn\u00e9ho z\u00e1sahu do struktury syst\u00e9mu.<\/li>\n<\/ul>\n<p><a href=\"http:\/\/www.istnet.cz\/wp-content\/uploads\/2025\/03\/Helios_ALL_Grey-1024x76NEW.jpg\"><img loading=\"lazy\" class=\"alignnone  wp-image-689\" src=\"http:\/\/www.istnet.cz\/wp-content\/uploads\/2025\/03\/Helios_ALL_Grey-1024x76NEW-300x22.jpg\" alt=\"\" width=\"799\" height=\"59\" srcset=\"http:\/\/www.istnet.cz\/wp-content\/uploads\/2025\/03\/Helios_ALL_Grey-1024x76NEW-300x22.jpg 300w, http:\/\/www.istnet.cz\/wp-content\/uploads\/2025\/03\/Helios_ALL_Grey-1024x76NEW-768x57.jpg 768w, http:\/\/www.istnet.cz\/wp-content\/uploads\/2025\/03\/Helios_ALL_Grey-1024x76NEW.jpg 1024w\" sizes=\"(max-width: 799px) 100vw, 799px\" \/><\/a><\/p>\n","protected":false},"excerpt":{"rendered":"<p>sv\u00fdm charakterem syst\u00e9m nejl\u00e9pe vyhovuje pot\u0159eb\u00e1m \u0159\u00edzen\u00ed men\u0161\u00edch a st\u0159edn\u011b velk\u00fdch organizac\u00ed, vych\u00e1z\u00ed ze dvou siln\u00fdch stavebn\u00edch kamen\u016f: zku\u0161enost\u00ed spole\u010dnosti Asseco Solutions, a.s. s v\u00fdvojem a komplexn\u00ed podporou ekonomick\u00fdch syst\u00e9m\u016f, v\u00fdsledk\u016f sv\u011btov\u00e9ho giganta Microsoft, na jeho\u017e datab\u00e1zov\u00e9 platform\u011b MS SQL Server je nov\u00fd Helios iNuvio postaven, nab\u00edz\u00ed modern\u00ed grafick\u00e9 prost\u0159ed\u00ed, bezpe\u010dnost, stabilitu a rychl\u00fd p\u0159\u00edstup<a href=\"http:\/\/www.istnet.cz\/?page_id=47\">[&#8230;]<\/a><\/p>\n","protected":false},"author":1,"featured_media":0,"parent":2,"menu_order":100,"comment_status":"closed","ping_status":"closed","template":"","meta":[],"_links":{"self":[{"href":"http:\/\/www.istnet.cz\/index.php?rest_route=\/wp\/v2\/pages\/47"}],"collection":[{"href":"http:\/\/www.istnet.cz\/index.php?rest_route=\/wp\/v2\/pages"}],"about":[{"href":"http:\/\/www.istnet.cz\/index.php?rest_route=\/wp\/v2\/types\/page"}],"author":[{"embeddable":true,"href":"http:\/\/www.istnet.cz\/index.php?rest_route=\/wp\/v2\/users\/1"}],"replies":[{"embeddable":true,"href":"http:\/\/www.istnet.cz\/index.php?rest_route=%2Fwp%2Fv2%2Fcomments&post=47"}],"version-history":[{"count":15,"href":"http:\/\/www.istnet.cz\/index.php?rest_route=\/wp\/v2\/pages\/47\/revisions"}],"predecessor-version":[{"id":695,"href":"http:\/\/www.istnet.cz\/index.php?rest_route=\/wp\/v2\/pages\/47\/revisions\/695"}],"up":[{"embeddable":true,"href":"http:\/\/www.istnet.cz\/index.php?rest_route=\/wp\/v2\/pages\/2"}],"wp:attachment":[{"href":"http:\/\/www.istnet.cz\/index.php?rest_route=%2Fwp%2Fv2%2Fmedia&parent=47"}],"curies":[{"name":"wp","href":"https:\/\/api.w.org\/{rel}","templated":true}]}}