{"id":350,"date":"2018-05-15T07:49:15","date_gmt":"2018-05-15T06:49:15","guid":{"rendered":"http:\/\/www.istnet.cz\/?page_id=350"},"modified":"2023-01-04T11:42:57","modified_gmt":"2023-01-04T10:42:57","slug":"gdpr","status":"publish","type":"page","link":"http:\/\/www.istnet.cz\/?page_id=350","title":{"rendered":"Z\u00e1sady pro pou\u017eit\u00ed soubor\u016f cookies"},"content":{"rendered":"\n<p>Na tomto m\u00edst\u011b v\u00e1s informujeme o zp\u016fsobu, jak\u00fdm shroma\u017e\u010fujeme, pou\u017e\u00edv\u00e1me a chr\u00e1n\u00edme informace, kter\u00e9 n\u00e1m m\u016f\u017eete prost\u0159ednictv\u00edm t\u011bchto internetov\u00fdch str\u00e1nek poskytnout.<\/p>\n\n\n\n<p><em>1) Funkce a pou\u017eit\u00ed cookies<\/em><br>Cookies jsou mal\u00e9 soubory, kter\u00e9 ve va\u0161em PC, notebooku nebo mobiln\u00edm za\u0159\u00edzen\u00ed ukl\u00e1d\u00e1 webov\u00e1 str\u00e1nka, kterou prohl\u00ed\u017e\u00edte. M\u016f\u017eeme z toho poznat nap\u0159. to, zda mezi Va\u0161\u00edm koncov\u00fdm za\u0159\u00edzen\u00edm a na\u0161imi str\u00e1nkami ji\u017e do\u0161lo ke spojen\u00ed, nebo kter\u00fd jazyk nebo jin\u00e1 nastaven\u00ed preferujete. Vezm\u011bte pros\u00edm na v\u011bdom\u00ed, \u017ee soubory cookie mohou obsahovat i osobn\u00ed \u00fadaje.<\/p>\n\n\n\n<p>V tzv. cookies li\u0161t\u011b, kter\u00e1 se na Va\u0161em prohl\u00ed\u017ee\u010di objevila p\u0159i nav\u0161t\u00edven\u00ed na\u0161eho webu a v tomto \u010dl\u00e1nku, jsou uvedeny kategorie cookies, kter\u00e9 pou\u017e\u00edv\u00e1me, a bli\u017e\u0161\u00ed informace k t\u011bmto cookies. V cookies li\u0161t\u011b m\u016f\u017eete nastavit, s vyu\u017eit\u00edm kter\u00fdch cookies souhlas\u00edte a se kter\u00fdmi nikoliv. Takto ud\u011blen\u00fd souhlas je pova\u017eov\u00e1n za souhlas se zpracov\u00e1n\u00edm osobn\u00edch \u00fadaj\u016f ve vztahu k cookies. D\u00e1le v nastaven\u00ed sv\u00e9ho PC, resp. prohl\u00ed\u017ee\u010de, ur\u010dujete, zda m\u00e1 prohl\u00ed\u017ee\u010d umo\u017enit webov\u00e9 str\u00e1nce ukl\u00e1dat cookies do Va\u0161eho koncov\u00e9ho za\u0159\u00edzen\u00ed.<\/p>\n\n\n\n<p>Na\u0161e webov\u00e9 str\u00e1nky si tak m\u016f\u017eete prohl\u00ed\u017eet i bez souhlasu s pou\u017e\u00edv\u00e1n\u00edm soubor\u016f cookies (vyjma tzv. nutn\u00fdch cookies, bez kter\u00fdch nem\u016f\u017ee webov\u00e1 str\u00e1nka spr\u00e1vn\u011b fungovat). Tj. m\u016f\u017eete jejich pou\u017e\u00edv\u00e1n\u00ed odm\u00edtnout a cookies tak\u00e9 kdykoliv smazat tak, \u017ee zvol\u00edte odpov\u00eddaj\u00edc\u00ed nastaven\u00ed na Va\u0161em koncov\u00e9m za\u0159\u00edzen\u00ed. M\u016f\u017eete postupovat nap\u0159. takto:<\/p>\n\n\n\n<p>a) V\u011bt\u0161ina prohl\u00ed\u017eec\u00edch program\u016f je implicitn\u011b nastavena tak, \u017ee cookies akceptujete automaticky. Toto nastaven\u00ed zm\u011bn\u00edte tak, \u017ee ve sv\u00e9m prohl\u00ed\u017ee\u010di aktivujete nastaven\u00ed \u201cneakceptovat cookies\u201d. Cookies, kter\u00e9 se do Va\u0161eho po\u010d\u00edta\u010de u\u017e dostaly, m\u016f\u017eete kdykoliv vymazat. Podrobnosti o nastaven\u00ed t\u00e9to funkce najdete v n\u00e1vodu k Va\u0161emu prohl\u00ed\u017ee\u010di anebo v pokynech v\u00fdrobce koncov\u00e9ho za\u0159\u00edzen\u00ed.<\/p>\n\n\n\n<p>b) Stejn\u011b jako pou\u017e\u00edv\u00e1n\u00ed soubor\u016f cookies je i jejich odm\u00edtnut\u00ed nebo smaz\u00e1n\u00ed v\u00e1z\u00e1no na pou\u017eit\u00e9 za\u0159\u00edzen\u00ed a tak\u00e9 na pou\u017eit\u00fd prohl\u00ed\u017ee\u010d. Proto mus\u00edte soubory cookie odm\u00edtnout nebo smazat pro ka\u017ed\u00e9 Va\u0161e za\u0159\u00edzen\u00ed a p\u0159i pou\u017eit\u00ed v\u00edce prohl\u00ed\u017ee\u010d\u016f i pro ka\u017ed\u00fd prohl\u00ed\u017ee\u010d samostatn\u011b.<\/p>\n\n\n\n<p>Upozor\u0148ujeme V\u00e1s v\u0161ak, \u017ee pokud se rozhodnete nepou\u017e\u00edvat soubory cookie, nemus\u00ed b\u00fdt k dispozici v\u0161echny funkce na\u0161ich webov\u00fdch str\u00e1nek nebo budou jednotliv\u00e9 funkce k dispozici jen omezen\u011b.<\/p>\n\n\n\n<p>Funk\u010dn\u00ed soubory<br>1) Identifikace spr\u00e1vce a kontaktn\u00ed \u00fadaje<br>I.S.T. spol. s r.o., se s\u00eddlem Ka\u0161tanov\u00e1 1115\/12, Plze\u0148, PS\u010c 326 00, I\u010c: 46883126 zapsan\u00e9 v&nbsp;obchodn\u00edm rejst\u0159\u00edku u KS Plze\u0148 ze dne 17.11.1992, odd. C, vl. 2623<\/p>\n\n\n\n<p>(d\u00e1le jen \u201eSpr\u00e1vce\u201c nebo \u201cMy\u201d). Na\u0161e kontaktn\u00ed \u00fadaje: ist@istnet.cz<\/p>\n\n\n\n<p>2) Shroma\u017e\u010fov\u00e1n\u00ed a zpracov\u00e1n\u00ed Va\u0161ich osobn\u00edch \u00fadaj\u016f<br>Ochrana Va\u0161ich osobn\u00edch \u00fadaj\u016f je pro n\u00e1s velmi d\u016fle\u017eit\u00e1. V t\u011bchto informac\u00edch o ochran\u011b osobn\u00edch \u00fadaj\u016f se pokou\u0161\u00edme V\u00e1m vysv\u011btlit, jak\u00fdm zp\u016fsobem osobn\u00ed \u00fadaje shroma\u017e\u010fujeme a jak je zpracov\u00e1v\u00e1me.<\/p>\n\n\n\n<p>Dovolujeme si V\u00e1s upozornit, \u017ee na\u0161e z\u00e1sady ochrany osobn\u00edch \u00fadaj\u016f pro pou\u017e\u00edv\u00e1n\u00ed na\u0161ich webov\u00fdch str\u00e1nek se nevztahuj\u00ed na Va\u0161e aktivity na webov\u00fdch str\u00e1nk\u00e1ch jin\u00fdch poskytovatel\u016f nebo soci\u00e1ln\u00edch s\u00edt\u00edch, na kter\u00e9 m\u016f\u017eete p\u0159ej\u00edt prost\u0159ednictv\u00edm odkaz\u016f z na\u0161eho webu. Je tedy nutno se informovat na webu poskytovatel\u016f \u010di webu soci\u00e1ln\u00edch s\u00edt\u00ed o jejich pravidlech ochrany osobn\u00edch \u00fadaj\u016f a d\u00e1le o tom, jak\u00fdm zp\u016fsobem doch\u00e1z\u00ed ke zpracov\u00e1n\u00ed osobn\u00edch \u00fadaj\u016f, apod.<\/p>\n\n\n\n<p>V p\u0159\u00edpad\u011b, \u017ee nav\u0161t\u00edv\u00edte n\u00e1\u0161 web, zpracov\u00e1v\u00e1me a ukl\u00e1d\u00e1me ur\u010dit\u00e9 \u00fadaje o Va\u0161em prohl\u00ed\u017ee\u010di a opera\u010dn\u00edm syst\u00e9mu, kter\u00fd pou\u017e\u00edv\u00e1te, a dal\u0161\u00ed \u00fadaje, podle nastaven\u00ed cookies. Pokud n\u00e1m sd\u011bl\u00edte jin\u00e9 osobn\u00ed \u00fadaje (nap\u0159. jako sou\u010d\u00e1st jak\u00e9koli registrace, sout\u011b\u017ee o ceny, kontaktn\u00edho formul\u00e1\u0159e, pr\u016fzkumu, a tak\u00e9 v takov\u00fdch p\u0159\u00edpadech jen tehdy, pokud je n\u00e1m to dovoleno na z\u00e1klad\u011b Va\u0161eho souhlasu nebo podle platn\u00fdch pr\u00e1vn\u00edch p\u0159edpis\u016f), tak doch\u00e1z\u00ed k uchov\u00e1n\u00ed a zpracov\u00e1n\u00ed tak\u00e9 t\u011bchto osobn\u00edch \u00fadaj\u016f.<\/p>\n\n\n\n<p>3) \u00da\u010dely pou\u017eit\u00ed<br>Osobn\u00ed \u00fadaje shrom\u00e1\u017ed\u011bn\u00e9 p\u0159i n\u00e1v\u0161t\u011bv\u011b na\u0161eho webu pou\u017e\u00edv\u00e1me, abychom V\u00e1m umo\u017enili co nejvy\u0161\u0161\u00ed stupe\u0148 komfortu p\u0159i jeho u\u017e\u00edv\u00e1n\u00ed a rovn\u011b\u017e abychom chr\u00e1nili na\u0161e informa\u010dn\u00ed syst\u00e9my proti \u00fatok\u016fm a jin\u00e9mu protipr\u00e1vn\u00edmu jedn\u00e1n\u00ed t\u0159et\u00edch osob.<\/p>\n\n\n\n<p>Pokud n\u00e1m dal\u0161\u00ed osobn\u00ed \u00fadaje sd\u011bl\u00edte (nap\u0159. jako sou\u010d\u00e1st jak\u00e9koli registrace, sout\u011b\u017ee o ceny, kontaktn\u00edho formul\u00e1\u0159e, pr\u016fzkumu, a tak\u00e9 v takov\u00fdch p\u0159\u00edpadech jen tehdy, pokud je n\u00e1m to dovoleno na z\u00e1klad\u011b Va\u0161eho souhlasu nebo podle platn\u00fdch pr\u00e1vn\u00edch p\u0159edpis\u016f), vyu\u017e\u00edv\u00e1me tyto \u00fadaje pro dan\u00e9 \u00fa\u010dely, pro kter\u00e9 n\u00e1m z Va\u0161\u00ed strany byly sd\u011bleny a d\u00e1le pro \u00fa\u010dely spr\u00e1vy z\u00e1kazn\u00edk\u016f a v p\u0159\u00edpad\u011b pot\u0159eby pro \u00fa\u010dely pln\u011bn\u00ed smlouvy, a to v\u017edy v rozsahu, kter\u00fd je k tomu pot\u0159ebn\u00fd.<\/p>\n\n\n\n<p>Dovolujeme si V\u00e1m sd\u011blit, \u017ee nem\u00e1te z\u00e1konnou ani smluvn\u00ed povinnost sd\u011blovat n\u00e1m sv\u00e9 osobn\u00ed \u00fadaje. Je ov\u0161em mo\u017en\u00e9, \u017ee n\u011bkter\u00e9 funkce na\u0161eho webu z\u00e1vis\u00ed pr\u00e1v\u011b na p\u0159ed\u00e1n\u00ed a zpracov\u00e1n\u00ed Va\u0161ich osobn\u00edch \u00fadaj\u016f. Pokud n\u00e1m v t\u011bchto p\u0159\u00edpadech sv\u00e9 osobn\u00ed \u00fadaje nesd\u011bl\u00edte a my je nem\u016f\u017eeme z tohoto d\u016fvodu zpracovat, m\u016f\u017ee to m\u00edt za n\u00e1sledek, \u017ee tyto funkce webu nebudou dostupn\u00e9 nebo budou fungovat jen omezen\u011b.<\/p>\n\n\n\n<p>4) Pr\u00e1vn\u00ed z\u00e1klad zpracov\u00e1n\u00ed<br>Sd\u011blujeme V\u00e1m, \u017ee Va\u0161e osobn\u00ed \u00fadaje m\u016f\u017eeme zpracov\u00e1vat na n\u011bkter\u00e9m z n\u00ed\u017ee uveden\u00fdch pr\u00e1vn\u00edch z\u00e1klad\u016f (pr\u00e1vn\u00edch titul\u016f):<\/p>\n\n\n\n<p>a) Pokud jste n\u00e1m poskytli souhlas se zpracov\u00e1n\u00edm Va\u0161ich osobn\u00edch \u00fadaj\u016f, budeme Va\u0161e osobn\u00ed \u00fadaje zpracov\u00e1vat na z\u00e1klad\u011b Va\u0161eho souhlasu, tedy tento souhlas p\u0159edstavuje pr\u00e1vn\u00ed z\u00e1klad pro zpracov\u00e1n\u00ed (\u010dl. 6 odst. 1 p\u00edsm. a) na\u0159\u00edzen\u00ed GDPR).<\/p>\n\n\n\n<p>b) Pokud je zpracov\u00e1n\u00ed osobn\u00edch \u00fadaj\u016f nezbytn\u00e9 pro \u00fa\u010dely pln\u011bn\u00ed smlouvy s V\u00e1mi, tak pr\u00e1vn\u00edm z\u00e1kladem je pr\u00e1v\u011b takov\u00e9 pln\u011bn\u00ed smlouvy (\u010dl. 6 odst. 1 p\u00edsm. b) na\u0159\u00edzen\u00ed GDPR).<\/p>\n\n\n\n<p>c) Pokud je zpracov\u00e1n\u00ed Va\u0161ich osobn\u00edch \u00fadaj\u016f nutn\u00e9 pro spln\u011bn\u00ed na\u0161ich pr\u00e1vn\u00edch povinnost\u00ed, jsme k tomu opr\u00e1vn\u011bni na z\u00e1klad\u011b pr\u00e1vn\u00edho titulu pln\u011bn\u00ed pr\u00e1vn\u00ed povinnosti, je\u017e se na n\u00e1s vztahuje (\u010dl. 6 odst. 1 p\u00edsm. d) na\u0159\u00edzen\u00ed GDPR).<\/p>\n\n\n\n<p>d) D\u00e1le m\u016f\u017eeme zpracov\u00e1vat n\u011bkter\u00e9 osobn\u00ed \u00fadaje za \u00fa\u010delem v\u00fdkonu na\u0161ich opr\u00e1vn\u011bn\u00fdch z\u00e1jm\u016f a opr\u00e1vn\u011bn\u00fdch z\u00e1jm\u016f t\u0159et\u00edch stran, a to v souladu s \u010dl. 6 odst. 1 p\u00edsm. f ) na\u0159\u00edzen\u00ed GDPR. Opr\u00e1vn\u011bn\u00fdmi z\u00e1jmy jsou zejm\u00e9na: zachov\u00e1n\u00ed funk\u010dnosti na\u0161ich syst\u00e9m\u016f IT, ochrana pr\u00e1vn\u00edch n\u00e1rok\u016f, apod. V t\u011bchto p\u0159\u00edpadech V\u00e1m sv\u011bd\u010d\u00ed n\u00e1mitka proti zpracov\u00e1n\u00ed (viz n\u00ed\u017ee).<\/p>\n\n\n\n<p>5) Vymaz\u00e1n\u00ed Va\u0161ich osobn\u00edch \u00fadaj\u016f<br>Sd\u011blujeme V\u00e1m, \u017ee Va\u0161e osobn\u00ed \u00fadaje vyma\u017eeme bezodkladn\u011b pot\u00e9, co pomine \u00fa\u010del, pro kter\u00fd jsme \u00fadaje shrom\u00e1\u017edili a zpracovali. Po t\u00e9to lh\u016ft\u011b pokra\u010duje ulo\u017een\u00ed jen tehdy, pokud to vy\u017eaduj\u00ed z\u00e1kony, p\u0159edpisy nebo jin\u00e1 pr\u00e1vn\u00ed ustanoven\u00ed Evropsk\u00e9 unie nebo \u010cR \u010di n\u011bkter\u00e9ho jin\u00e9ho \u010dlensk\u00e9ho st\u00e1tu Evropsk\u00e9 unie, kter\u00e9 se na n\u00e1s vztahuj\u00ed.<\/p>\n\n\n\n<p>6) P\u0159ed\u00e1v\u00e1n\u00ed osobn\u00edch \u00fadaj\u016f t\u0159et\u00edm osob\u00e1m. Soci\u00e1ln\u00ed pluginy<br>Na na\u0161em webu nepou\u017e\u00edv\u00e1me tzv. \u201eSoci\u00e1ln\u00ed pluginy\u201c soci\u00e1ln\u00edch s\u00edt\u00ed, jako nap\u0159. Facebook, Twitter a Google+. <\/p>\n\n\n\n<p>7) Vyhodnocov\u00e1n\u00ed u\u017eivatelsk\u00fdch dat; pou\u017e\u00edv\u00e1n\u00ed analytick\u00fdch n\u00e1stroj\u016f<br>Nepou\u017e\u00edv\u00e1me \u017e\u00e1dn\u00e9 analytick\u00e9 n\u00e1stroje t\u0159et\u00edch stran pro vyhodnocov\u00e1n\u00ed u\u017eivatelsk\u00fdch dat.<\/p>\n\n\n\n<p>Pou\u017e\u00edv\u00e1n\u00ed soubor\u016f cookies t\u0159et\u00edmi stranami \u2013 poskytovateli slu\u017eeb m\u016f\u017eete spravovat i deaktivovat na n\u00e1sleduj\u00edc\u00ed webov\u00e9 str\u00e1nce: youronlinechoices.com<\/p>\n\n\n\n<p>8) Zp\u016fsob a z\u00e1sady zpracov\u00e1n\u00ed osobn\u00edch \u00fadaj\u016f<br>Osobn\u00ed \u00fadaje budeme zpracov\u00e1vat manu\u00e1ln\u011b nebo automatizovan\u011b prost\u0159ednictv\u00edm k tomu opr\u00e1vn\u011bn\u00fdch zam\u011bstnanc\u016f nebo prost\u0159ednictv\u00edm specializovan\u00fdch spole\u010dnost\u00ed. Osobn\u00ed \u00fadaje jsou uchov\u00e1v\u00e1ny zabezpe\u010den\u00fdm zp\u016fsobem. Pou\u017e\u00edv\u00e1me technick\u00e1 a organiza\u010dn\u00ed bezpe\u010dnostn\u00ed opat\u0159en\u00ed, abychom chr\u00e1nili Va\u0161e \u00fadaje, kter\u00e9 spravujeme, proti manipulaci, ztr\u00e1t\u011b, zni\u010den\u00ed a p\u0159\u00edstupu neopr\u00e1vn\u011bn\u00fdch osob.<\/p>\n\n\n\n<p>Prohla\u0161ujeme, \u017ee ve\u0161ker\u00e9 zpracov\u00e1n\u00ed osobn\u00edch \u00fadaj\u016f subjektu \u00fadaj\u016f, pop\u0159\u00edpad\u011b jejich nezbytn\u00e9 p\u0159ed\u00e1v\u00e1n\u00ed, bude prov\u00e1d\u011bno pln\u011b s ohledem na soukrom\u00ed subjektu \u00fadaj\u016f a v souladu s platn\u00fdmi pr\u00e1vn\u00edmi p\u0159edpisy, zejm\u00e9na s platn\u00fdmi pr\u00e1vn\u00edmi p\u0159edpisy upravuj\u00edc\u00edmi ochranu osobn\u00edch \u00fadaj\u016f.<\/p>\n\n\n\n<p>9) Dal\u0161\u00ed informace o zpracov\u00e1n\u00ed osobn\u00edch \u00fadaj\u016f<br>Souhlas s uchov\u00e1n\u00edm osobn\u00edch \u00fadaj\u016f je dobrovoln\u00fd a m\u016f\u017ee b\u00fdt kdykoliv odvol\u00e1n. M\u016f\u017eete po\u017e\u00e1dat spr\u00e1vce o informaci o zpracov\u00e1n\u00ed sv\u00fdchosobn\u00edch \u00fadaj\u016f a spr\u00e1vce p\u0159\u00edpadn\u011b spr\u00e1vcem pov\u011b\u0159en\u00fd zpracovatel, je povinen v\u00e1m tuto informaci bez zbyte\u010dn\u00e9ho odkladu sd\u011blit. Spr\u00e1vce \u00fadaj\u016f m\u00e1 pr\u00e1vo za poskytnut\u00ed informace po\u017eadovat p\u0159im\u011b\u0159enou \u00fahradu nep\u0159evy\u0161uj\u00edc\u00ed n\u00e1klady nezbytn\u00e9 na poskytnut\u00ed informace. Pokud zjist\u00edte, \u017ee spr\u00e1vce \u010di p\u0159\u00edjemce prov\u00e1d\u00ed zpracov\u00e1n\u00ed osobn\u00edch \u00fadaj\u016f, kter\u00e9 je v rozporu s ochranou va\u0161eho soukrom\u00e9ho a osobn\u00edho \u017eivota nebo v rozporu se z\u00e1konem, zejm\u00e9na jsou-li osobn\u00ed \u00fadaje nep\u0159esn\u00e9 s ohledem na \u00fa\u010del jejich zpracov\u00e1n\u00ed, m\u016f\u017eete po\u017e\u00e1dat spr\u00e1vce na jeho v\u00fd\u0161e uveden\u00e9 adrese o vysv\u011btlen\u00ed; d\u00e1le m\u016f\u017eete po\u017eadovat, aby spr\u00e1vce odstranil \u010di zajistil odstran\u011bn\u00ed u p\u0159\u00edjemce takto vznikl\u00e9ho stavu, zejm\u00e9na se m\u016f\u017ee jednat o blokov\u00e1n\u00ed, proveden\u00ed opravy, dopln\u011bn\u00ed nebo likvidaci osobn\u00edch \u00fadaj\u016f. Jestli\u017ee bude va\u0161e \u017e\u00e1dost podle p\u0159edchoz\u00ed v\u011bty shled\u00e1na opr\u00e1vn\u011bnou, spr\u00e1vce \u00fadaj\u016f odstran\u00ed neprodlen\u011b z\u00e1vadn\u00fd stav. Nevyhov\u00ed-li spr\u00e1vce \u00fadaj\u016f t\u00e9to \u017e\u00e1dosti, m\u00e1te pr\u00e1vo se obr\u00e1tit p\u0159\u00edmo na \u00da\u0159ad pro ochranu osobn\u00edch \u00fadaj\u016f, kter\u00fd je dozorov\u00fdm org\u00e1nem. Postup podle v\u011bty prvn\u00ed nevylu\u010duje, abyste se obr\u00e1tili se sv\u00fdm podn\u011btem na \u00da\u0159ad pro ochranu osobn\u00edch \u00fadaj\u016f p\u0159\u00edmo.<\/p>\n","protected":false},"excerpt":{"rendered":"<p>Na tomto m\u00edst\u011b v\u00e1s informujeme o zp\u016fsobu, jak\u00fdm shroma\u017e\u010fujeme, pou\u017e\u00edv\u00e1me a chr\u00e1n\u00edme informace, kter\u00e9 n\u00e1m m\u016f\u017eete prost\u0159ednictv\u00edm t\u011bchto internetov\u00fdch str\u00e1nek poskytnout. 1) Funkce a pou\u017eit\u00ed cookiesCookies jsou mal\u00e9 soubory, kter\u00e9 ve va\u0161em PC, notebooku nebo mobiln\u00edm za\u0159\u00edzen\u00ed ukl\u00e1d\u00e1 webov\u00e1 str\u00e1nka, kterou prohl\u00ed\u017e\u00edte. M\u016f\u017eeme z toho poznat nap\u0159. to, zda mezi Va\u0161\u00edm koncov\u00fdm za\u0159\u00edzen\u00edm a na\u0161imi<a href=\"http:\/\/www.istnet.cz\/?page_id=350\">[&#8230;]<\/a><\/p>\n","protected":false},"author":1,"featured_media":0,"parent":34,"menu_order":900,"comment_status":"closed","ping_status":"closed","template":"","meta":[],"_links":{"self":[{"href":"http:\/\/www.istnet.cz\/index.php?rest_route=\/wp\/v2\/pages\/350"}],"collection":[{"href":"http:\/\/www.istnet.cz\/index.php?rest_route=\/wp\/v2\/pages"}],"about":[{"href":"http:\/\/www.istnet.cz\/index.php?rest_route=\/wp\/v2\/types\/page"}],"author":[{"embeddable":true,"href":"http:\/\/www.istnet.cz\/index.php?rest_route=\/wp\/v2\/users\/1"}],"replies":[{"embeddable":true,"href":"http:\/\/www.istnet.cz\/index.php?rest_route=%2Fwp%2Fv2%2Fcomments&post=350"}],"version-history":[{"count":6,"href":"http:\/\/www.istnet.cz\/index.php?rest_route=\/wp\/v2\/pages\/350\/revisions"}],"predecessor-version":[{"id":480,"href":"http:\/\/www.istnet.cz\/index.php?rest_route=\/wp\/v2\/pages\/350\/revisions\/480"}],"up":[{"embeddable":true,"href":"http:\/\/www.istnet.cz\/index.php?rest_route=\/wp\/v2\/pages\/34"}],"wp:attachment":[{"href":"http:\/\/www.istnet.cz\/index.php?rest_route=%2Fwp%2Fv2%2Fmedia&parent=350"}],"curies":[{"name":"wp","href":"https:\/\/api.w.org\/{rel}","templated":true}]}}