{"id":249,"date":"2015-06-01T11:34:26","date_gmt":"2015-06-01T10:34:26","guid":{"rendered":"http:\/\/www.istnet.cz\/?page_id=249"},"modified":"2023-11-14T09:51:20","modified_gmt":"2023-11-14T08:51:20","slug":"contacts","status":"publish","type":"page","link":"http:\/\/www.istnet.cz\/?page_id=249&lang=en","title":{"rendered":"Contacts"},"content":{"rendered":"<p><strong>The following contact persons will be happy to answer all your questions :<\/strong><\/p>\n<p><strong>\n<table id=\"tablepress-6\" class=\"tablepress tablepress-id-6\">\n<thead>\n<tr class=\"row-1 odd\">\n\t<th class=\"column-1\">Name<\/th><th class=\"column-2\">Department<\/th><th class=\"column-3\">Contact<\/th><th class=\"column-4\">IS<\/th>\n<\/tr>\n<\/thead>\n<tbody>\n<tr class=\"row-2 even\">\n\t<td class=\"column-1\">Kl\u00e1ra Hr\u016fzov\u00e1<\/td><td class=\"column-2\">sales dept.<\/td><td class=\"column-3\">obchod@istnet.cz<\/td><td class=\"column-4\"><\/td>\n<\/tr>\n<tr class=\"row-3 odd\">\n\t<td class=\"column-1\">Hana Jirsov\u00e1<\/td><td class=\"column-2\">accounting dept.<\/td><td class=\"column-3\">hana.jirsova@istnet.cz<\/td><td class=\"column-4\">Helios iNuvio<\/td>\n<\/tr>\n<tr class=\"row-4 even\">\n\t<td class=\"column-1\">Dagmara Byst\u0159ick\u00e1<\/td><td class=\"column-2\">support<\/td><td class=\"column-3\">dagmar.bystricka@istnet.cz<\/td><td class=\"column-4\">Helios iNuvio<\/td>\n<\/tr>\n<tr class=\"row-5 odd\">\n\t<td class=\"column-1\">Ing. Zde\u0148ka Vyletov\u00e1<\/td><td class=\"column-2\">support<\/td><td class=\"column-3\">zdenka.vyletova@istnet.cz<\/td><td class=\"column-4\">Helios iNuvio<\/td>\n<\/tr>\n<tr class=\"row-6 even\">\n\t<td class=\"column-1\">Ing. Vladim\u00edr Kol\u00e1\u0159<\/td><td class=\"column-2\">support and development<\/td><td class=\"column-3\">vladimir.kolar@istnet.cz<\/td><td class=\"column-4\">Helios Nephrite<\/td>\n<\/tr>\n<tr class=\"row-7 odd\">\n\t<td class=\"column-1\">Ing. Ji\u0159\u00ed Kraft<\/td><td class=\"column-2\">support and development<\/td><td class=\"column-3\">jiri.kraft@istnet.cz<\/td><td class=\"column-4\">Helios Nephrite<\/td>\n<\/tr>\n<tr class=\"row-8 even\">\n\t<td class=\"column-1\">Ing. V\u00e1clav Ra\u0161pl<\/td><td class=\"column-2\">support and development<\/td><td class=\"column-3\">vaclav.raspl@istnet.cz<\/td><td class=\"column-4\">Helios iNuvio<\/td>\n<\/tr>\n<\/tbody>\n<\/table>\n<\/strong><\/p>\n<p>Central phone &#8211; hot line : <strong>+420 377 225 200<\/strong><\/p>\n<p>e-mail : <a href=\"mailto:obchod@istnet.cz\"><u>obchod@istnet.cz<\/u><\/a><\/p>\n<div class=\"leaflet-map WPLeafletMap\" style=\"height:250px; width:100%;\"><\/div><script>\nwindow.WPLeafletMapPlugin = window.WPLeafletMapPlugin || [];\nwindow.WPLeafletMapPlugin.push(function WPLeafletMapShortcode() {\/*<script>*\/\nvar baseUrl = 'https:\/\/{s}.tile.openstreetmap.org\/{z}\/{x}\/{y}.png';\nvar base = (!baseUrl && window.MQ) ? \n    window.MQ.mapLayer() : L.tileLayer(baseUrl, \n        L.Util.extend({}, {\n            detectRetina: 0,\n            minZoom: 0,\n            maxZoom: 20,\n        }, \n        {\"subdomains\":\"abc\",\"noWrap\":false}        )\n    );\n    var options = L.Util.extend({}, {\n        layers: [base],\n        attributionControl: false\n    }, \n    {\"zoomControl\":true,\"scrollWheelZoom\":true,\"doubleClickZoom\":false,\"fitBounds\":false,\"minZoom\":0,\"maxZoom\":20,\"attribution\":\"<a href=\\\"http:\\\/\\\/leafletjs.com\\\" title=\\\"A JS library for interactive maps\\\">Leaflet<\\\/a>; \\\\r\\\\n\\u00a9 <a href=\\\"http:\\\/\\\/www.openstreetmap.org\\\/copyright\\\">OpenStreetMap<\\\/a> contributors\"}, \n    {});\nwindow.WPLeafletMapPlugin.createMap(options).setView([49.7410516,13.370576],18);});<\/script>\n<script>\nwindow.WPLeafletMapPlugin = window.WPLeafletMapPlugin || [];\nwindow.WPLeafletMapPlugin.push(function WPLeafletMarkerShortcode() {\/*<script>*\/\nvar map = window.WPLeafletMapPlugin.getCurrentMap();\nvar group = window.WPLeafletMapPlugin.getCurrentGroup();\nvar marker_options = window.WPLeafletMapPlugin.getIconOptions({});\nvar marker = L.marker(\n    [0,0], \n    marker_options\n);\nvar is_image = map.is_image_map;\n    marker.setLatLng( map.getCenter() );\nif (marker_options.draggable) {\n    marker.on('dragend', function () {\n        var latlng = this.getLatLng();\n        var lat = latlng.lat;\n        var lng = latlng.lng;\n        if (is_image) {\n            console.log('leaflet-marker y=' + lat + ' x=' + lng);\n        } else {\n            console.log('leaflet-marker lat=' + lat + ' lng=' + lng);\n        }\n    });\n}\nmarker.addTo( group );\nwindow.WPLeafletMapPlugin.markers.push( marker );\n        });<\/script>\n<script>\nwindow.WPLeafletMapPlugin = window.WPLeafletMapPlugin || [];\nwindow.WPLeafletMapPlugin.push(function WPLeafletMarkerShortcode() {\/*<script>*\/\nvar map = window.WPLeafletMapPlugin.getCurrentMap();\nvar group = window.WPLeafletMapPlugin.getCurrentGroup();\nvar marker_options = window.WPLeafletMapPlugin.getIconOptions({});\nvar marker = L.marker(\n    [49.7410516,13.370576], \n    marker_options\n);\nvar is_image = map.is_image_map;\nif (marker_options.draggable) {\n    marker.on('dragend', function () {\n        var latlng = this.getLatLng();\n        var lat = latlng.lat;\n        var lng = latlng.lng;\n        if (is_image) {\n            console.log('leaflet-marker y=' + lat + ' x=' + lng);\n        } else {\n            console.log('leaflet-marker lat=' + lat + ' lng=' + lng);\n        }\n    });\n}\nmarker.addTo( group );\nwindow.WPLeafletMapPlugin.markers.push( marker );\n        });<\/script>\n","protected":false},"excerpt":{"rendered":"<p>The following contact persons will be happy to answer all your questions : Central phone &#8211; hot line : +420 377 225 200 e-mail : obchod@istnet.cz<\/p>\n","protected":false},"author":1,"featured_media":0,"parent":0,"menu_order":80,"comment_status":"closed","ping_status":"closed","template":"","meta":[],"_links":{"self":[{"href":"http:\/\/www.istnet.cz\/index.php?rest_route=\/wp\/v2\/pages\/249"}],"collection":[{"href":"http:\/\/www.istnet.cz\/index.php?rest_route=\/wp\/v2\/pages"}],"about":[{"href":"http:\/\/www.istnet.cz\/index.php?rest_route=\/wp\/v2\/types\/page"}],"author":[{"embeddable":true,"href":"http:\/\/www.istnet.cz\/index.php?rest_route=\/wp\/v2\/users\/1"}],"replies":[{"embeddable":true,"href":"http:\/\/www.istnet.cz\/index.php?rest_route=%2Fwp%2Fv2%2Fcomments&post=249"}],"version-history":[{"count":13,"href":"http:\/\/www.istnet.cz\/index.php?rest_route=\/wp\/v2\/pages\/249\/revisions"}],"predecessor-version":[{"id":634,"href":"http:\/\/www.istnet.cz\/index.php?rest_route=\/wp\/v2\/pages\/249\/revisions\/634"}],"wp:attachment":[{"href":"http:\/\/www.istnet.cz\/index.php?rest_route=%2Fwp%2Fv2%2Fmedia&parent=249"}],"curies":[{"name":"wp","href":"https:\/\/api.w.org\/{rel}","templated":true}]}}