{"id":244,"date":"2015-06-01T11:30:02","date_gmt":"2015-06-01T10:30:02","guid":{"rendered":"http:\/\/www.istnet.cz\/?page_id=244"},"modified":"2015-06-01T11:30:02","modified_gmt":"2015-06-01T10:30:02","slug":"partners","status":"publish","type":"page","link":"http:\/\/www.istnet.cz\/?page_id=244&lang=en","title":{"rendered":"Partners"},"content":{"rendered":"\n<table id=\"tablepress-4\" class=\"tablepress tablepress-id-4\">\n<tbody>\n<tr class=\"row-1 odd\">\n\t<td class=\"column-1\"><a href=\"http:\/\/www.gatema.cz\" target=\"_blank\" rel=\"noopener\">GATEMA s.r.o., <\/a><\/td><td class=\"column-2\"><strong>Boskovice<\/strong><\/td><td class=\"column-3\">Helios iNuvio<\/td>\n<\/tr>\n<tr class=\"row-2 even\">\n\t<td class=\"column-1\"><a href=\"http:\/\/www.d2b.sk\" target=\"_blank\" rel=\"noopener\">d2B, s.r.o.<\/a><\/td><td class=\"column-2\"><strong>Bratislava<\/strong><\/td><td class=\"column-3\">Helios Nephrite<\/td>\n<\/tr>\n<tr class=\"row-3 odd\">\n\t<td class=\"column-1\"><a href=\"http:\/\/www.mkfineco.cz\" target=\"_blank\" rel=\"noopener\">MK FINECO s.r.o.<\/a><\/td><td class=\"column-2\"><strong>\u010cesk\u00e9 Bud\u011bjovice<\/strong><\/td><td class=\"column-3\">Helios iNuvio<\/td>\n<\/tr>\n<tr class=\"row-4 even\">\n\t<td class=\"column-1\"><a href=\"http:\/\/www.asgc.cz\" target=\"_blank\" rel=\"noopener\">ASG solutions SE <\/a><\/td><td class=\"column-2\"><strong>Hav\u00ed\u0159ov<\/strong><\/td><td class=\"column-3\">Helios iNuvio<\/td>\n<\/tr>\n<tr class=\"row-5 odd\">\n\t<td class=\"column-1\"><a href=\"http:\/\/www.koncepthk.cz\" target=\"_blank\" rel=\"noopener\">Koncept Hradec Kr\u00e1lov\u00e9 s.r.o. <\/a><\/td><td class=\"column-2\"><strong>Hradec Kr\u00e1lov\u00e9<\/strong><\/td><td class=\"column-3\">Helios Nephrite<\/td>\n<\/tr>\n<tr class=\"row-6 even\">\n\t<td class=\"column-1\"><a href=\"http:\/\/www.harpagon.cz\" target=\"_blank\" rel=\"noopener\">HARPAGON Software s.r.o., <\/a><\/td><td class=\"column-2\"><strong>Chrudim<\/strong><\/td><td class=\"column-3\">Helios iNuvio<\/td>\n<\/tr>\n<tr class=\"row-7 odd\">\n\t<td class=\"column-1\"><a href=\"http:\/\/www.ecodatesro.cz\" target=\"_blank\" rel=\"noopener\">ECOdate s.r.o.<\/a><\/td><td class=\"column-2\"><strong>Kada\u0148<\/strong><\/td><td class=\"column-3\">Helios iNuvio<\/td>\n<\/tr>\n<tr class=\"row-8 even\">\n\t<td class=\"column-1\"><a href=\"http:\/\/www.staproliberec.eu\" target=\"_blank\" rel=\"noopener\">STAPRO Liberec software, s.r.o.<\/a><\/td><td class=\"column-2\"><strong>Liberec<\/strong><\/td><td class=\"column-3\">Helios iNuvio<\/td>\n<\/tr>\n<tr class=\"row-9 odd\">\n\t<td class=\"column-1\"><a href=\"http:\/\/www.inmedias.cz\" target=\"_blank\" rel=\"noopener\">INMEDIAS a.s., <\/a><\/td><td class=\"column-2\"><strong>Mikulov<\/strong><\/td><td class=\"column-3\">Helios iNuvio<\/td>\n<\/tr>\n<tr class=\"row-10 even\">\n\t<td class=\"column-1\"><a href=\"http:\/\/www.asv.cz\" target=\"_blank\" rel=\"noopener\">ASV, s.r.o.<\/a><\/td><td class=\"column-2\"><strong>N\u00e1chod<\/strong><\/td><td class=\"column-3\">Helios Nephrite<\/td>\n<\/tr>\n<tr class=\"row-11 odd\">\n\t<td class=\"column-1\"><a href=\"http:\/\/www.firstis.cz\" target=\"_blank\" rel=\"noopener\">FIRST information systems, s.r.o., ><\/a><\/td><td class=\"column-2\"><strong>Ostrava<\/strong><\/td><td class=\"column-3\">Helios iNuvio<\/td>\n<\/tr>\n<tr class=\"row-12 even\">\n\t<td class=\"column-1\"><a href=\"http:\/\/www.helios.eu\" target=\"_blank\" rel=\"noopener\">Asseco Solutions, a.s. <\/a><\/td><td class=\"column-2\"><strong>Praha, Hradec Kr\u00e1lov\u00e9, Brno, Ostrava<\/strong><\/td><td class=\"column-3\">Helios iNuvio<\/td>\n<\/tr>\n<tr class=\"row-13 odd\">\n\t<td class=\"column-1\"><a href=\"http:\/\/www.popronsystems.cz\" target=\"_blank\" rel=\"noopener\">Popron Systems s.r.o., <\/a><\/td><td class=\"column-2\"><strong>Praha<\/strong><\/td><td class=\"column-3\">Helios Nephrite<\/td>\n<\/tr>\n<tr class=\"row-14 even\">\n\t<td class=\"column-1\"><a href=\"http:\/\/www.infonova.cz\" target=\"_blank\" rel=\"noopener\">INFO NOVA, s.r.o.<\/a><\/td><td class=\"column-2\"><strong>Praha<\/strong><\/td><td class=\"column-3\">Helios Nephrite<\/td>\n<\/tr>\n<tr class=\"row-15 odd\">\n\t<td class=\"column-1\"><a href=\"http:\/\/www.hcvit.cz\" target=\"_blank\" rel=\"noopener\">HCV group a.s.<\/a><\/td><td class=\"column-2\"><strong>Ro\u017enov pod Radho\u0161t\u011bm<\/strong><\/td><td class=\"column-3\">Helios iNuvio<\/td>\n<\/tr>\n<tr class=\"row-16 even\">\n\t<td class=\"column-1\"><a href=\"http:\/\/www.helios-partner.eu\/\" target=\"_blank\" rel=\"noopener\">HELIOS Partner<\/a><\/td><td class=\"column-2\"><strong>Praha<\/strong><\/td><td class=\"column-3\">Helios Nephrite<\/td>\n<\/tr>\n<\/tbody>\n<\/table>\n<!-- #tablepress-4 from cache -->\n","protected":false},"excerpt":{"rendered":"","protected":false},"author":1,"featured_media":0,"parent":0,"menu_order":50,"comment_status":"closed","ping_status":"closed","template":"","meta":[],"_links":{"self":[{"href":"http:\/\/www.istnet.cz\/index.php?rest_route=\/wp\/v2\/pages\/244"}],"collection":[{"href":"http:\/\/www.istnet.cz\/index.php?rest_route=\/wp\/v2\/pages"}],"about":[{"href":"http:\/\/www.istnet.cz\/index.php?rest_route=\/wp\/v2\/types\/page"}],"author":[{"embeddable":true,"href":"http:\/\/www.istnet.cz\/index.php?rest_route=\/wp\/v2\/users\/1"}],"replies":[{"embeddable":true,"href":"http:\/\/www.istnet.cz\/index.php?rest_route=%2Fwp%2Fv2%2Fcomments&post=244"}],"version-history":[{"count":1,"href":"http:\/\/www.istnet.cz\/index.php?rest_route=\/wp\/v2\/pages\/244\/revisions"}],"predecessor-version":[{"id":245,"href":"http:\/\/www.istnet.cz\/index.php?rest_route=\/wp\/v2\/pages\/244\/revisions\/245"}],"wp:attachment":[{"href":"http:\/\/www.istnet.cz\/index.php?rest_route=%2Fwp%2Fv2%2Fmedia&parent=244"}],"curies":[{"name":"wp","href":"https:\/\/api.w.org\/{rel}","templated":true}]}}